 and 16?
16
Let d(u) = -u**3 + 8*u**2. Let z be d(8). Suppose 0 = 2*n - 8, z*n = -4*s + n + 304. What is the greatest common divisor of 11 and s?
11
Let a(w) = -w**2 + 2*w + 1. Let d be a(2). Let k = d - -2. Calculate the highest common factor of k and 24.
3
Let n = 155 - 148. Calculate the greatest common divisor of 7 and n.
7
Suppose -4*w = -12, -s = -w - 93 + 4. Calculate the highest common divisor of s and 23.
23
Let q be 4/(-22) - 342/(-66). Suppose 11 = q*l - 24. Calculate the greatest common divisor of 7 and l.
7
Suppose 0 = -3*o - 2*w + 8, -3*o + 4 = -4*o + w. Suppose 0 = -c + 2, -4*c = 3*i - o*c - 107. Suppose -9 = 3*f - i. What is the highest common factor of f and 2?
2
Let j be (70/6)/(2/6). What is the highest common divisor of 5 and j?
5
Let l = 8 - 3. Let o(r) = 2*r**2 + 1. Let s be o(1). Let d be 0 + s + -2 + 0. What is the greatest common divisor of l and d?
1
Suppose -48 = -5*j - 5*f + 7, 0 = -5*j - f + 55. Let r be (-24)/(-60) + 766/10. Calculate the greatest common divisor of r and j.
11
Suppose 0 = -4*p + 45 + 27. Suppose -2 = -4*d + p. Suppose d*l - l = 96. Calculate the highest common factor of l and 60.
12
Suppose 4*w - 3*q + 51 = 9*w, 4*w = 5*q + 63. Suppose -23 + 88 = o - h, -3*h - 15 = 0. Calculate the highest common factor of w and o.
12
Let x be (-183)/(-12) - 1/4. Let i = 75 + 45. Calculate the highest common factor of i and x.
15
Let o be (-54)/12*(1 - 3). Calculate the greatest common divisor of o and 9.
9
Suppose i = 3*i - 84. Suppose 2*g + g = i. What is the highest common divisor of g and 56?
14
Let q be (-73)/(-2) - 5/10. Suppose -4*v + q = -v. Calculate the greatest common divisor of 36 and v.
12
Suppose -420 = 4*l - 9*l. Suppose -l = 2*u - 6*u. What is the highest common divisor of 14 and u?
7
Suppose 5*o - 9 = g, -g - 3 = -3*o - 0. Calculate the highest common divisor of 4 and g.
2
Suppose 4*j - 52 = 20. What is the greatest common factor of 2 and j?
2
Let f(d) = d**2 + 16*d - 37. Let j be f(-23). Let x(w) = 7*w**2 - 3*w - 3. Let h be x(-2). What is the greatest common factor of j and h?
31
Let v(x) = x**2 + x - 2. Let p be v(3). Calculate the greatest common factor of p and 20.
10
Let h(b) = 32*b**3 + 2*b**2 - b. Let a be h(1). Suppose -818 = -5*l + 997. Calculate the highest common divisor of a and l.
33
Suppose 3*d - 4*c = -2*d + 521, 4*d - 425 = -5*c. Calculate the greatest common divisor of 70 and d.
35
Let c(l) = -l**2 - 10*l + 2. Let v be c(-8). Suppose -3*g + 15 = -v. What is the highest common factor of 99 and g?
11
Let p be 9/(-6) - (-15)/2. What is the highest common factor of 54 and p?
6
Let y = 158 - 142. Calculate the greatest common divisor of 16 and y.
16
Let m = 2 + -3. Let j(x) = -2*x**3 + 1. Let p be j(m). Suppose p*h = 27 + 72. What is the highest common divisor of 22 and h?
11
Let t(i) = -14*i + 20. Let h be t(-5). Let g(j) = 3*j**2 - j. Let p be g(2). What is the highest common factor of p and h?
10
Let p(c) = -21*c - 24. Let x(n) = -6*n - 7. Let o(d) = -5*p(d) + 18*x(d). Let k be o(-9). What is the highest common factor of k and 3?
3
Let u = 13 - 6. Suppose x = -4, u*x + 120 = k + 2*x. What is the greatest common factor of 10 and k?
10
Let m(v) be the first derivative of -v**2/2 + 21*v - 2. Let l be m(0). What is the greatest common divisor of l and 14?
7
Let v = -19 - -31. Suppose -14*a + 4 = -v*a. What is the greatest common divisor of a and 16?
2
Let n be 2/((-3)/216*-3). Let h = 29 - 16. Suppose d = h + 19. What is the highest common divisor of d and n?
16
Suppose -3 = -4*o + 5. Let u(w) = -w - 4. Let z be u(-6). Suppose -z*g - g = -30. What is the greatest common factor of g and o?
2
Let c = -13 - -61. Calculate the greatest common factor of 36 and c.
12
Suppose 23 = 4*k - c, -4*k + 5 = -3*c - 24. Suppose -13 = -4*a - k. Let x = a + 1. What is the greatest common divisor of 6 and x?
3
Let p(u) = -u**3 - 8*u**2 - 2*u - 3. Let r be p(-8). Calculate the greatest common divisor of r and 52.
13
Suppose -4*f + 12 = -0*f, 0 = -3*x + 3*f + 546. What is the greatest common factor of 37 and x?
37
Suppose -8 = j - 0*j + 2*p, 2*p + 20 = -4*j. Let b(o) = o**2 + 6*o - 8. Let s be b(-6). Let c = j - s. Calculate the greatest common divisor of c and 44.
4
Let n = 4 + 27. Calculate the highest common factor of n and 186.
31
Let l(i) be the third derivative of 4*i**4 - i**2. Let t be (-4)/26 + 45/39. Let g be l(t). What is the highest common factor of g and 16?
16
Let s = -92 - -134. What is the highest common factor of s and 28?
14
Let k = 15 - -9. Let d(z) be the first derivative of -z**3/3 + 5*z**2/2 + 3*z + 1. Let f be d(5). What is the greatest common factor of k and f?
3
Suppose -6*f + 72 = -264. What is the highest common factor of 392 and f?
56
Suppose -3*x + 4*x - 2*c = 125, 123 = x - c. Calculate the greatest common factor of x and 11.
11
Let y be (-2)/3*-3*1. Let o = 35 + -30. What is the greatest common divisor of y and o?
1
Suppose 0 = c + 4*c - 120. Suppose 0 = 2*b - c - 8. Calculate the greatest common divisor of b and 80.
16
Let l = 364 - 238. Let v = 41 - 27. Calculate the greatest common factor of l and v.
14
Let n(s) = s**3 - 5*s**2 + 4*s + 4. Let k be n(5). Suppose -3*p = 4*o - 92, 4*p - 3*o - 84 = 2*p. What is the highest common divisor of p and k?
12
Let j(a) be the first derivative of -a**4/4 + 11*a**3/3 - 8*a - 4. Let v be j(8). What is the greatest common divisor of 23 and v?
23
Suppose -5*o = -60 - 0. Let k be (o/16)/(1/4). Calculate the highest common divisor of 27 and k.
3
Let s = 2 - -26. What is the greatest common factor of 14 and s?
14
Let f be (-1)/(-1)*(13 + 0). Let i(m) = m**3 + 7*m**2 - 10*m - 5. Let a = -6 - 1. Let c be i(a). Calculate the greatest common factor of f and c.
13
Let i = 140 + -106. What is the greatest common divisor of 51 and i?
17
Suppose -3*m - m + 76 = 0. Suppose -3*h + 140 = n, 4*n + m = 3. Calculate the highest common factor of 12 and h.
12
Let k be 4/(-2) - (1 + -2 + -196). What is the greatest common factor of k and 78?
39
Let u be 35 - 4*(-7 + 6). What is the greatest common factor of u and 3?
3
Suppose 6*d - x - 478 = 3*d, 5*x = 25. Calculate the highest common factor of d and 23.
23
Let n(b) = -b**3 - 7*b**2 - b - 3. Let x = 4 + -11. Let p be n(x). Calculate the highest common factor of p and 4.
4
Suppose -2*z - 2*f + 6 = -4*f, 3 = 3*f. Let i = z + 4. Calculate the highest common divisor of 40 and i.
8
Suppose -4 = 4*s - 8. Let z be s/(-2) + (-402)/(-12). Let j be 34/3 - 3/9. What is the highest common factor of j and z?
11
Suppose 0 - 4 = -2*d + 3*r, -d = 3*r - 20. Calculate the greatest common factor of 4 and d.
4
Let r = -120 + 138. What is the greatest common divisor of r and 54?
18
Let x = -3 + 1. Let z = 1 - x. What is the greatest common divisor of 30 and z?
3
Let s(b) = 0 - 2*b**2 - 1 + b + 3*b**2. Let z be s(1). Let d be (5 - z) + -2 - -7. What is the greatest common factor of 63 and d?
9
Let q(v) = -v**2 + 4. Let a be q(0). Calculate the highest common factor of a and 10.
2
Suppose 0 = 3*m - 0*m + 861. Let x = -166 - m. Calculate the highest common divisor of x and 11.
11
Let z be (-16 - -3)*5*-1. Calculate the greatest common factor of z and 26.
13
Let w = 12 - -12. Let o = w - 42. Let v be (-3)/5 + o/(-5). Calculate the greatest common factor of 6 and v.
3
Suppose -3*r + 60 = -2*r. Suppose a - 2 - 3 = 0, -d + 22 = 4*a. Let n = d + 8. Calculate the highest common divisor of n and r.
10
Let w = 6 + -7. Let t be 1 + w + (3 - -5). Suppose -415 = -5*f + 5*a, 2*f - a - 172 = 3*a. What is the greatest common divisor of f and t?
8
Let c be 3 + (-1 - (3 + -3)). Suppose b + 72 = 3*u, -u + c*u - 16 = 3*b. What is the highest common factor of u and 5?
5
Suppose 0 = 4*a - 15 + 7. Calculate the highest common divisor of a and 2.
2
Let u(n) = 5*n**2 - n - 2. Let w be u(2). Let a be (-2 - (4 - (-68)/(-12)))*-12. What is the greatest common divisor of a and w?
4
Let y(k) = 3 - 1 + 3 - k - 6. Let o be y(1). Let p be (-5)/(1/8*o). Calculate the highest common factor of 5 and p.
5
Let j be ((-18)/(-4) - 0)*(-1160)/(-58). Let k = 21 + -11. Calculate the highest common divisor of k and j.
10
Let a(j) = -j**3 - 11*j**2 - 3*j - 12. Let n be a(-11). What is the greatest common factor of 84 and n?
21
Suppose 14*k = 299 + 23. What is the highes